 - 17. Determine b(-9).
1
Let c(y) = 475*y - 1423. Give c(3).
2
Let f(m) = -m**2 + 2*m - 8. What is f(-6)?
-56
Let u(x) = -18*x**2 + 32*x - 57. Give u(5).
-347
Let h(f) = f**2 - 538*f + 5273. Give h(10).
-7
Let f(j) = 14*j + 13. Determine f(-5).
-57
Let f(b) = -b**3 + 30*b**2 - 6*b + 94. Determine f(30).
-86
Let s(c) = 6*c**2 + 70*c + 10. Calculate s(-12).
34
Let i(k) = k**3 - 18*k**2 + 31*k - 549. Determine i(18).
9
Let c(g) = g**3 - 9*g**2 - 148*g + 865. Determine c(15).
-5
Let v(t) = t**3 - 55*t**2 + 204*t + 3. What is v(51)?
3
Let n(q) = 13*q + 419. Determine n(-19).
172
Let j(m) = -m**2 - 166*m - 647. Determine j(-4).
1
Let z(h) = 281*h + 926. What is z(-4)?
-198
Let j(p) = p**2 - 137*p - 2213. Calculate j(-14).
-99
Let f(l) = 89*l + 3146. What is f(-35)?
31
Let z(c) = 876*c - 5140. Give z(6).
116
Let g(a) = 6*a**3 - 107*a**2 - 9*a + 1. Determine g(18).
163
Let o(n) = -13757*n - 123817. Determine o(-9).
-4
Let g(v) = -3*v**3 + 4*v**2 + 3*v - 7. Determine g(-3).
101
Let i(u) = 2*u**2 - 69*u - 20. What is i(30)?
-290
Let x(t) = -13*t + 100. Calculate x(18).
-134
Let w(s) = s**3 + 87*s**2 - 21*s - 1832. Give w(-87).
-5
Let o(l) = l**2 + 3*l - 306. Give o(31).
748
Let v(y) = 213*y + 6431. Give v(-30).
41
Let o(r) = -4*r**3 - 7*r**2 + 19*r + 6. What is o(3)?
-108
Let y(x) = -17*x - 420. Calculate y(-24).
-12
Let j(x) = 26*x + 818. Calculate j(-32).
-14
Let b(d) = -4*d**3 + 12*d**2 - 8*d - 5. Give b(1).
-5
Let i(k) = k**3 + 30*k**2 + 101*k - 88. Give i(-26).
-10
Let b(a) = -a**3 + 59*a**2 - 119*a + 3470. Determine b(58).
-68
Let v(o) = -o**3 + 5*o**2 + 50*o + 2. Give v(10).
2
Let w(u) = u**3 + 69*u**2 - 3363*u - 105. What is w(33)?
-6
Let n(m) = 31*m + 7. What is n(-1)?
-24
Let x(y) = y**3 - 7*y**2 - 174*y + 1176. What is x(7)?
-42
Let y(w) = -w**2 + 2*w + 47. What is y(-6)?
-1
Let m(g) = 28*g**2 - 1361*g - 544. Determine m(49).
-5
Let p(k) = 12*k**2 + 61*k - 3. Calculate p(-4).
-55
Let l(f) = 11*f**2 + 115*f + 117. Calculate l(-1).
13
Let q(u) = 446*u + 139149. Calculate q(-312).
-3
Let k(y) = 10*y**2 - 81*y + 20. Calculate k(8).
12
Let l(g) = 10*g**3 - 151*g**2 - 1237*g - 41. Give l(21).
1
Let k(p) = -2*p**2 - 118*p + 1070. Determine k(8).
-2
Let d(b) = b**2 - 17*b + 41. What is d(14)?
-1
Let f(b) = 15*b + 19. What is f(0)?
19
Let w(t) = -t**2 - 38*t + 735. Calculate w(14).
7
Let u(b) = 8*b**3 + 26*b**2 - 23*b - 14. Determine u(-4).
-18
Let p(d) = -1074*d - 5469. What is p(-5)?
-99
Let v(y) = -523*y + 8784. Calculate v(17).
-107
Let u(m) = -17*m**3 - 6*m**2 - 7*m - 8. Calculate u(-3).
418
Let p(b) = b**2 + 95*b + 148. Determine p(-93).
-38
Let c(l) = l**2 + 16*l + 49. Calculate c(-4).
1
Let u(s) = 4*s**3 - 54*s**2 + 162*s - 4. Determine u(9).
-4
Let s(x) = x**2 + 5*x - 4. What is s(-27)?
590
Let v(h) = h**2 - 846*h + 71998. Give v(96).
-2
Let t(f) = 3*f**2 + 357*f + 10610. Determine t(-57).
8
Let g(d) = d**2 - 40*d - 667. What is g(56)?
229
Let p(h) = 111*h - 3. What is p(0)?
-3
Let w(q) = q**3 + 4*q**2 + 7*q + 2. What is w(-3)?
-10
Let f(o) = 13*o - 25. Give f(-32).
-441
Let x(q) = 535*q - 4808. Calculate x(9).
7
Let p(h) = -4*h**2 + 12*h + 7. Give p(13).
-513
Let f(r) = -2*r**2 + 42*r + 604. Give f(-11).
-100
Let n(g) = 2*g**3 - g**2 - 44*g + 1. Calculate n(-5).
-54
Let u(d) = 3*d - 33. Calculate u(9).
-6
Let z(i) = 22*i + 696. Calculate z(-28).
80
Let o(v) = -600*v + 4800. Give o(8).
0
Let v(k) = k**2 + 18*k - 940. What is v(23)?
3
Let i(r) = 92*r**2 + 2*r + 1. Determine i(-1).
91
Let g(r) = 28*r**2 - 1114*r + 18. Give g(40).
258
Let f(n) = -n**3 + 103*n**2 + 96*n + 859. Determine f(104).
27
Let j(x) = x**2 - 16*x + 54. Calculate j(8).
-10
Let o(y) = -y**3 + 20*y**2 - 198*y - 4. What is o(8)?
-820
Let y(d) = -60*d + 167. Determine y(4).
-73
Let v(d) = -16*d**3 + 85*d - 86. What is v(1)?
-17
Let p(w) = -1329*w**2 - 1331*w - 1. Determine p(-1).
1
Let u(y) = -2*y**2 + 28*y + 125. Determine u(-13).
-577
Let h(k) = k**2 + 6*k + 207. Determine h(0).
207
Let i(j) = -j**3 - 39*j**2 + 553*j + 150. Calculate i(-50).
0
Let n(s) = 405*s + 2007. What is n(-5)?
-18
Let t(a) = -4*a**2 - 4*a - 28. Calculate t(-5).
-108
Let d(x) = 2*x**2 + 582*x + 9828. What is d(-18)?
0
Let r(x) = -7*x - 422. Give r(-61).
5
Let v(c) = 38*c - 682. Calculate v(27).
344
Let a(h) = h**3 + 41*h**2 - 37*h + 82. Determine a(-42).
-128
Let o(a) = -41*a + 1866. What is o(46)?
-20
Let h(z) = 4*z**3 - 78*z - 144. Give h(-2).
-20
Let y(h) = -h**3 + 13*h**2 + 68*h - 9. What is y(17)?
-9
Let w(x) = -235*x + 67446. Determine w(287).
1
Let y(t) = -t**3 - 21*t**2 - t - 25. Give y(-21).
-4
Let b(q) = -44*q**2 - 54*q - 51. Calculate b(-1).
-41
Let g(v) = 11877*v - 4. Calculate g(0).
-4
Let a(f) = -f**3 + 3*f**2 - 9*f - 62. Give a(-3).
19
Let l(b) = 4*b**2 + 45*b - 21. Determine l(-12).
15
Let j(c) = c**3 + 43*c**2 - 151*c - 613. Determine j(-46).
-15
Let c(n) = -8*n**2 + 28*n - 83. Calculate c(8).
-371
Let i(h) = -2*h**3 + 2*h**2 + 222*h + 2. Calculate i(-10).
-18
Let o(q) = q**2 + 13*q - 17. What is o(8)?
151
Let i(d) = -4*d**2 + 558*d + 286. Calculate i(140).
6
Let x(b) = -19*b - 1094. What is x(-57)?
-11
Let z(r) = -r**3 + 20*r**2 + 21*r + 60. Give z(21).
60
Let r(m) = m**3 + 8*m**2 - m - 1006. What is r(0)?
-1006
Let i(r) = 5*r**3 + r**2 - 5*r - 4. Give i(-1).
-3
Let l(s) = -18*s + 49. What is l(-7)?
175
Let n(g) = -g**3 + 27*g**2 + 25*g + 38. What is n(28)?
-46
Let w(j) = -j**3 - 8*j**2 - j + 62. Calculate w(-6).
-4
Let w(y) = -1022*y - 2034. Calculate w(-2).
10
Let r(f) = -3*f - 70. Calculate r(-2).
-64
Let t(r) = r**3 + 21*r**2 - 28*r + 351. Calculate t(-23).
-63
Let q(c) = 3*c**2 + 6*c + 10. Give q(-2).
10
Let j(s) = -s**3 + 16*s**2 - 32*s + 208. Give j(16).
-304
Let h(m) = -m**2 - 4*m + 65. Determine h(10).
-75
Let b(m) = 94*m + 2761. Calculate b(-29).
35
Let v(z) = z**2 + 48*z - 2687. Determine v(-81).
-14
Let k(w) = 16*w - 50. Determine k(3).
-2
Let v(n) = n + 6. What is v(-40)?
-34
Let a(h) = 12668*h + 88683. Give a(-7).
7
Let j(w) = 59*w + 454. Give j(-20).
-726
Let w(t) = -387*t - 5416. Give w(-14).
2
Let c(r) = 2*r**2 - 23*r - 5. What is c(19)?
280
Let n(y) = -312*y - 4056. Give n(-13).
0
Let m(f) = -f**3 - 4*f**2 - 6*f + 7. Give m(-2).
11
Let a(i) = -i**3 + 84*i**2 + 86*i - 77. What is a(85)?
8
Let z(q) = q**2 + 13*q - 43. Calculate z(-20).
97
Let j(m) = 5*m**2 - 171*m + 209. Calculate j(33).
11
Let m(t) = -t**3 + 6*t**2 - t + 16. Calculate m(5).
36
Let k(d) = 43*d**2 + 222*d + 8. Give k(-5).
-27
Let h(f) = 45*f - 532. Calculate h(11).
-37
Let c(f) = -f**2 + 532*f + 2674. What is c(-5)?
-11
Let t(q) = q**3 + 189*q**2 + 1287*q + 104. Determine t(-7).
13
Let y(l) = 2*l**3 - 62*l**2 - 62*l - 44. Determine y(32).
20
Let t(z) = -2*z**2 + 578*z - 1732. What is t(3)?
-16
Let o(p) = -2*p**2 + p + 18. Determine o(-7).
-87
Let k(c) = c**3 - 5*c**2 - 21*c + 5. Determine k(8).
29
Let b(m) = -m**3 - 11*m**2 - 24*m - 1. Determine b(-8).
-1
Let q(d) = -93*d + 4651. Give q(50).
1
Let i(y) = -y**2 + 11*y + 47. Determine i(-11).
-195
Let d(s) = -1587*s - 4785. Determine d(-3).
-24
Let r(m) = m**2 - 63*m + 995. Determine r(32).
3
Let f(l) = 431*l + 5212. What is f(-12)?
40
Let q(h) = -611*h + 20783. Give q(34).
9
Let c(d) = 12*d**3 - 2*d**2 - 12*d - 5. Give c(0).
-5
Let k(w) = 1606*w + 1612. What is k(-1)?
6
Let q(w) = -26*w**2 - 381*w + 125. Give q(-15).
-10
Let p(t) = -4*t**2 - 5*t + 8. Calculate p(-2).
2
Let g(b) = -1292*b + 15511. Determine g(12).
7
Let c(a) = 21*a**3 + 106*a**2 - 4*a - 50. What is c(-5)?
-5
Let s(u) = 202*u + 6113. Calculate s(-30).
53
Let p(c) = c**3 - 112*c**2 - 232*c + 489. Calculate p(114).
33
Let i(a) = -88*a**2 + 7*a + 20. Calculate i(-2).
-346
Let o(i) = -6*i**3 + 60*i**2 + 3*i - 29. Determine o(10).
1
Let f(t) = 4*t**3 - 188*t - 188. Calculate f(-1).
-4
Let r(f) = 84*f + 1161. Calculate r(-16).
-183
Let s(y) = -5578*y + 195224. Give s(35).
-6
Let b(g) = g**2 - 40*g - 537. What is b(-13)?
152
Let r(o) = -22*o + 496. Determine r(22).
12
Let r(w) = 1261*w + 2525. Calculate r(-2).
3
Let s(z) = -9*z + 99. Determine s(13).
-18
Let s(p) = -p**3 - 5*p**2 + 35*p + 108. Calculate s(-3).
-15
Let f(l) = 27*l - 244. Determine f(-8).
-460
Let u(n) = -5*n - 249. Give u(-33).
-84
Let p(s) = 104*s + 146. Determine p(-2).
-62
Let p(u) = 7*u**2 + 389*u + 774. Calculate p(-2).
2